Let o = h + 1. What is the units digit of o?
6
Let j(l) = 4*l**2 + 7*l + 4. Let b(g) = -5*g**2 - 7*g - 3. Let w(q) = 5*b(q) + 6*j(q). Let m be w(7). Let y = 20 - m. What is the units digit of y?
1
Suppose -4*b = 4*x - 24, 4*x - 15 = 1. Suppose -g + 7 = -m, 0 = 4*m - m - b*g + 17. What is the units digit of 3/6 + m/(-2)?
2
Let k(y) = -y**2 + 6*y - 3. Let a be k(5). Let i = a + 19. What is the units digit of i?
1
What is the tens digit of 687/6 - (0 - 2/(-4))?
1
Let p(m) = m + 17. What is the units digit of p(-5)?
2
Let w = -26 + 36. Let y(n) = n**2 - 10*n + 15. What is the tens digit of y(w)?
1
Let g(d) = 28*d - 13. What is the hundreds digit of g(6)?
1
Suppose 0 = -3*x + 3*g - 25 - 41, -5*x + g - 90 = 0. Let r = -8 - x. What is the units digit of r?
9
Let w(m) = 2*m**2. Let x be w(2). Let t = -26 + x. Let r = -9 - t. What is the units digit of r?
9
What is the tens digit of (-9)/(-36) - 158/(-8)?
2
Let n be 3/(-6)*4 - -1. Let j(f) = -10*f. Let r be j(n). Suppose -2*p = -p - r. What is the tens digit of p?
1
Let m(w) = w**3 - 3*w**2 - 5*w. What is the tens digit of m(5)?
2
Let h = -9 - -2. Let l = h - -7. Suppose f - 5*a + 21 = l, -5*f + 4*a = -2*f + 8. What is the units digit of f?
4
Let r be (-228)/(-32) - 2/16. Suppose 2*q - 5*c + 140 = r*q, 5*q = -3*c + 148. What is the units digit of q?
2
Let z(c) = 4*c**2 + 3*c - 2. Let o(b) = b**2. Let k(y) = 3*o(y) - z(y). Let i be k(-4). What is the units digit of 4/((-1)/i - 0)?
8
Suppose -g = 3*z - 12, -4*z - 2*g + 13 = -5. Suppose 0 = z*w - w. Suppose w = -2*o + 3*o - 1. What is the units digit of o?
1
Let o be 15/(-6)*(-8)/10. Suppose 3*f + 10 = -o*f, 4*t = -f + 86. What is the units digit of t?
2
Suppose -4*v = -31 + 11. Let n = -2 + v. Suppose -n*q = -5*p - 20, 2*q + 3*p + 2 - 9 = 0. What is the units digit of q?
5
Let c be 15/6*(-8)/(-10). Let o(s) = -2*s + 2 + 9*s - 4*s**c + 3*s**2. What is the units digit of o(6)?
8
Let l = -33 + 35. What is the units digit of l?
2
Suppose -44 = -4*w - 4*d, w - 4*w - 2*d + 30 = 0. Let y(u) = -u**2 + 9*u + 1. What is the units digit of y(w)?
9
Suppose -t + 6 = 1. Suppose -t*k + 3*z = -0*z - 121, -z = 4*k - 107. What is the units digit of k?
6
Let m(k) = 88*k**2 + 8*k - 6. What is the units digit of m(2)?
2
Let i(w) = 3*w + 6. Let y be i(-4). Let h = y - -33. What is the units digit of h?
7
Let u = -4 + 8. Let s = 1 + u. Suppose 2*z - 14 = -0*b + 4*b, 21 = s*z + 4*b. What is the units digit of z?
5
Let p = -1 + 4. Suppose p*n - 39 = -3*v, 2*n + 3*v = 13 + 13. What is the units digit of n?
3
Let x = -7 + 14. Let q(v) = 2*v - 3. What is the units digit of q(x)?
1
Let g(z) = -z + 4. Suppose y = 4 - 7. Let i be g(y). Suppose 0 = -3*w - u + 3*u + i, 0 = 5*w - 4*u - 9. What is the units digit of w?
5
Let f(t) = t**2 - 4*t - 6. Let k be f(-4). Suppose -5*y + 29 = -4*a, 1 + k = 5*y - 2*a. What is the units digit of y?
5
Let c(f) = f - 2. Let r be c(2). Let j be 7/(-1) + 1 + r. What is the units digit of (-2)/3 - 10/j?
1
Suppose 2*h - 85 - 71 = 0. What is the tens digit of h?
7
Let o be (-4)/(-5)*-7*-5. Let s(g) = 9*g - 2. Let m be s(-2). Let h = m + o. What is the units digit of h?
8
Suppose -2*l = 3*a - 271, -2*a + l + 430 = 3*a. What is the tens digit of a?
8
Suppose 4*d + 3*r = 1106, -3*d - 5*r + 835 = -0*d. Suppose -d = -4*j - j. Suppose 5*z - 10*z + j = 0. What is the tens digit of z?
1
Suppose -3*o - 16 = -7*o - 3*a, 4 = o - a. Suppose 5*d + o*n + 0*n - 33 = 0, 5*n = d + 5. What is the units digit of d?
5
Suppose 3*x - 5 = -x + h, -2*x - 4*h = -16. Suppose 8 = x*f + 2*f. Suppose -f*j - 3 = -11. What is the units digit of j?
4
Let q(j) be the second derivative of j**5/20 - j**4/6 - j**2/2 + j. Suppose -5*z + 4*z - k = 2, 5*k = -25. What is the units digit of q(z)?
8
Let t = -5 + 10. Let q(k) = -2*k**2 + 12*k + 3. Let m(i) = -i**2 + 6*i + 1. Let l(f) = 7*m(f) - 3*q(f). What is the units digit of l(t)?
3
Let b(p) = p**3 + 3*p**2 - 10*p + 8. What is the hundreds digit of b(6)?
2
Let g(d) = 47*d - 14. What is the tens digit of g(9)?
0
Let c(u) = -2*u + 7. Let v be c(5). Let h be (1/(-2))/(v/6). Suppose -j + 3*d + h + 5 = 0, 4*d - 6 = -j. What is the units digit of j?
6
What is the units digit of (-9 - -6) + 9*2?
5
Let j(y) = -7*y + 4. What is the tens digit of j(-3)?
2
Suppose n + 1 + 14 = -4*w, 2*n - 2*w - 10 = 0. Suppose -6 - n = -3*a + y, -4*a + 3*y = -11. What is the units digit of a*1 + -4 + 5?
3
Suppose -2*b = 4*o - 2 - 18, -3*b - 10 = -2*o. Suppose 15 = 5*q + o. What is the units digit of q?
2
Let w(n) = -2*n - 2. Let q be w(-2). What is the tens digit of (-16)/q*42/(-24)?
1
Let c be 8/(24/(-135)) - 3. Let r = c - -67. What is the units digit of r?
9
Let a be 14/(-8)*(6 - 2). Let k(x) = 4 - 10 + 10 - x. What is the tens digit of k(a)?
1
Let l be (-1)/1 + (-5 - -2). Suppose 14 = 3*g + 4*q + q, -g = -3*q. What is the units digit of -2*(-2)/l + g?
2
Let s(j) = -3*j**2 - 4*j**2 - 3*j**2 - 10*j + 4 + j**3. Let f be 7 + 8 + -3 + -1. What is the units digit of s(f)?
5
Suppose -4*x + 3*d + 56 = -2*d, 0 = -2*d - 8. What is the tens digit of 2 + 12/x*9?
1
Suppose 4*n - 804 = -2*d - 0*d, 3*n = d + 598. What is the hundreds digit of n?
2
Suppose 0 = -4*y - 12, -14 = a + 4*y - 3. Suppose 5*t - t = 8. Suppose t*n - a - 7 = 0. What is the units digit of n?
4
Let j(y) be the first derivative of -y**3/3 - 7*y**2/2 - 4*y - 1. Let v be j(-5). Suppose s + 2*i + 1 + 4 = 0, -2*i - v = 0. What is the units digit of s?
1
Suppose -4*n - 44 = -5*x + 2*x, -5*x = 4*n + 12. What is the units digit of 12/(-8)*n/3?
4
Let p(b) = 6*b**3 + 3*b**2 - 1. Let y be p(-2). Let s = y - -54. What is the units digit of s?
7
Let x be 12/5 + 2/(-5). What is the tens digit of 0 - (-1*22)/x?
1
Let p(z) = -z**3 - 7*z**2 + 5. Let y be p(-7). Suppose 6 = 3*n, 2*n = -y*h + h + 56. What is the units digit of h?
3
Let p(b) = -b + 18. What is the tens digit of p(-11)?
2
Let u be (-4)/(1 - 39/33). Suppose 7*n = 4*n - 4*s - 17, 0 = -2*n + 4*s + u. What is the units digit of n?
1
Let h(f) = -f**3 - 6*f**2 + 6*f - 3. Suppose 4*b = -10 - 18. Let g be h(b). Suppose 5*r = 4*d + 95, 0*r + 50 = g*r + 2*d. What is the tens digit of r?
1
Let p(r) = -r + 3. Let h(b) = -b + 3. Let f be h(0). Let t be p(f). Suppose -4*u - 5 - 3 = -2*s, -4*s - 2*u + 46 = t. What is the tens digit of s?
1
Suppose 5*n - 2078 = -f, -n - 5*f + 225 = -181. What is the hundreds digit of n?
4
Suppose 0*s + s = 13. What is the units digit of s?
3
Suppose 0 = -y - 2*t + 168, -2*y - 3*t + 502 = 165. What is the tens digit of y?
7
Suppose 0*w + 2 = -w - 4*u, -4*u + 40 = -2*w. Let d = 15 - 21. Let v = d - w. What is the units digit of v?
8
Let c(k) = -k**3 - 3*k**2 - 2*k - 3. Suppose -m = 4*m + 10. Let w = m + -1. What is the units digit of c(w)?
3
Let v(h) = 39*h**2 - h - 3*h - 8 - 4*h**3 - 44*h**2 + 5*h**3. What is the units digit of v(6)?
4
Let x(o) = -o**3 + 3*o**2 + 6*o + 7. Let g be x(5). Let y be (18/4)/(16/64). Let l = g + y. What is the units digit of l?
5
Let o(p) = -p**3 + 9*p**2 + 5*p + 12. Let d be o(9). Let w be d/15 - (-1)/5. What is the units digit of (w/8)/((-1)/(-2))?
1
What is the units digit of -2 - (-1002)/21 - 2/(-7)?
6
Let r = -20 - -60. Let z = -5 - -1. What is the tens digit of ((-2)/z)/(2/r)?
1
Let h = 107 + -100. What is the units digit of h?
7
Let w(y) = -2*y - 5. Suppose -p + 4*n - 26 = -10, 5 = -5*p - 5*n. Let q be w(p). Suppose -5*l + 21 = 2*x - 20, -4*l = -q*x - 42. What is the units digit of l?
9
Let p(f) = f**3 - 2*f**2 + 9*f + 4. Let s(m) = m**2 + m. Suppose -5*l + 35 = 10. Let b(t) = l*s(t) - p(t). What is the units digit of b(6)?
8
Suppose 4*f - 20 = -2*c + 6, f + c = 8. What is the units digit of 2 + -3 + f/1?
4
Let n(j) = 2*j**2 - 7*j + 10. What is the units digit of n(4)?
4
Let y be 1 + 0 - (-2 + 5). What is the units digit of 4*(0 - y/1)?
8
Let o(v) = 2*v - 11. What is the units digit of o(7)?
3
Suppose 143 = 4*v - 13. Let d = v - 28. What is the tens digit of d?
1
Suppose 0 = 3*b + 3*h - 186, 22 = -5*h + 7. What is the units digit of b?
5
Let k(f) = f**3 - 7*f**2 + 5*f + 1. Let t be k(6). Let l be t/(5/2) - 0. What is the units digit of 1/(1 + 1/l)?
2
Let u(h) = 20*h - 3. What is the units digit of u(4)?
7
Let u(x) = x**2 + 8*x + 4. Let v(d) = 2*d + 8. Let t be v(-6). Let i be (2 - (-10)/t)*16. What is the units